{"id":4987,"date":"2024-09-23T09:52:57","date_gmt":"2024-09-23T14:52:57","guid":{"rendered":"https:\/\/istvr.edu.ec\/web\/?page_id=4987"},"modified":"2026-02-04T12:15:44","modified_gmt":"2026-02-04T17:15:44","slug":"carrera-de-educacion-inicial","status":"publish","type":"page","link":"https:\/\/istvr.edu.ec\/web\/carrera-de-educacion-inicial\/","title":{"rendered":"CARRERA DE EDUCACION INICIAL"},"content":{"rendered":"\t\t<div data-elementor-type=\"wp-page\" data-elementor-id=\"4987\" class=\"elementor elementor-4987\">\n\t\t\t\t\t\t\t<div class=\"elementor-element elementor-element-e254456 e-flex e-con-boxed e-con e-parent\" data-id=\"e254456\" data-element_type=\"container\" data-settings=\"{&quot;content_width&quot;:&quot;boxed&quot;}\" data-core-v316-plus=\"true\">\n\t\t\t\t\t<div class=\"e-con-inner\">\n\t\t\t\t<div class=\"elementor-element elementor-element-e663bb6 elementor-widget elementor-widget-heading\" data-id=\"e663bb6\" data-element_type=\"widget\" data-widget_type=\"heading.default\">\n\t\t\t\t<div class=\"elementor-widget-container\">\n\t\t\t<style>\/*! elementor - v3.16.0 - 12-09-2023 *\/\n.elementor-heading-title{padding:0;margin:0;line-height:1}.elementor-widget-heading .elementor-heading-title[class*=elementor-size-]>a{color:inherit;font-size:inherit;line-height:inherit}.elementor-widget-heading .elementor-heading-title.elementor-size-small{font-size:15px}.elementor-widget-heading .elementor-heading-title.elementor-size-medium{font-size:19px}.elementor-widget-heading .elementor-heading-title.elementor-size-large{font-size:29px}.elementor-widget-heading .elementor-heading-title.elementor-size-xl{font-size:39px}.elementor-widget-heading .elementor-heading-title.elementor-size-xxl{font-size:59px}<\/style><h2 class=\"elementor-heading-title elementor-size-default\">CARRERA DE EDUCACI\u00d3N INICIAL<\/h2>\t\t<\/div>\n\t\t\t\t<\/div>\n\t\t\t\t\t<\/div>\n\t\t\t\t<\/div>\n\t\t<div class=\"elementor-element elementor-element-2e40514a e-flex e-con-boxed e-con e-parent\" data-id=\"2e40514a\" data-element_type=\"container\" data-settings=\"{&quot;content_width&quot;:&quot;boxed&quot;}\" data-core-v316-plus=\"true\">\n\t\t\t\t\t<div class=\"e-con-inner\">\n\t\t\t\t<div class=\"elementor-element elementor-element-167d9a5d elementor-widget elementor-widget-text-editor\" data-id=\"167d9a5d\" data-element_type=\"widget\" data-widget_type=\"text-editor.default\">\n\t\t\t\t<div class=\"elementor-widget-container\">\n\t\t\t<style>\/*! elementor - v3.16.0 - 12-09-2023 *\/\n.elementor-widget-text-editor.elementor-drop-cap-view-stacked .elementor-drop-cap{background-color:#69727d;color:#fff}.elementor-widget-text-editor.elementor-drop-cap-view-framed .elementor-drop-cap{color:#69727d;border:3px solid;background-color:transparent}.elementor-widget-text-editor:not(.elementor-drop-cap-view-default) .elementor-drop-cap{margin-top:8px}.elementor-widget-text-editor:not(.elementor-drop-cap-view-default) .elementor-drop-cap-letter{width:1em;height:1em}.elementor-widget-text-editor .elementor-drop-cap{float:left;text-align:center;line-height:1;font-size:50px}.elementor-widget-text-editor .elementor-drop-cap-letter{display:inline-block}<\/style>\t\t\t\t<h4>POSTULA AQU\u00cd:\u00a0<\/h4>\n<h4><a href=\"https:\/\/www.registrounicoedusup.gob.ec\/\">https:\/\/www.registrounicoedusup.gob.ec\/<\/a><\/h4>\n<p><!-- \/wp:pgcsimplygalleryblock\/slider --><\/p>\t\t\t\t\t\t<\/div>\n\t\t\t\t<\/div>\n\t\t\t\t\t<\/div>\n\t\t\t\t<\/div>\n\t\t<div class=\"elementor-element elementor-element-152e33a e-flex e-con-boxed e-con e-parent\" data-id=\"152e33a\" data-element_type=\"container\" data-settings=\"{&quot;content_width&quot;:&quot;boxed&quot;}\" data-core-v316-plus=\"true\">\n\t\t\t\t\t<div class=\"e-con-inner\">\n\t\t\t\t<div class=\"elementor-element elementor-element-6049242 elementor-widget elementor-widget-video\" data-id=\"6049242\" data-element_type=\"widget\" data-settings=\"{&quot;youtube_url&quot;:&quot;https:\\\/\\\/youtu.be\\\/EkAizLybfZg&quot;,&quot;autoplay&quot;:&quot;yes&quot;,&quot;play_on_mobile&quot;:&quot;yes&quot;,&quot;mute&quot;:&quot;yes&quot;,&quot;loop&quot;:&quot;yes&quot;,&quot;video_type&quot;:&quot;youtube&quot;}\" data-widget_type=\"video.default\">\n\t\t\t\t<div class=\"elementor-widget-container\">\n\t\t\t<style>\/*! elementor - v3.16.0 - 12-09-2023 *\/\n.elementor-widget-video .elementor-widget-container{overflow:hidden;transform:translateZ(0)}.elementor-widget-video .elementor-wrapper{aspect-ratio:var(--video-aspect-ratio)}.elementor-widget-video .elementor-wrapper iframe,.elementor-widget-video .elementor-wrapper video{height:100%;width:100%;display:flex;border:none;background-color:#000}@supports not (aspect-ratio:1\/1){.elementor-widget-video .elementor-wrapper{position:relative;overflow:hidden;height:0;padding-bottom:calc(100% \/ var(--video-aspect-ratio))}.elementor-widget-video .elementor-wrapper iframe,.elementor-widget-video .elementor-wrapper video{position:absolute;top:0;right:0;bottom:0;left:0}}.elementor-widget-video .elementor-open-inline .elementor-custom-embed-image-overlay{position:absolute;top:0;right:0;bottom:0;left:0;background-size:cover;background-position:50%}.elementor-widget-video .elementor-custom-embed-image-overlay{cursor:pointer;text-align:center}.elementor-widget-video .elementor-custom-embed-image-overlay:hover .elementor-custom-embed-play i{opacity:1}.elementor-widget-video .elementor-custom-embed-image-overlay img{display:block;width:100%;aspect-ratio:var(--video-aspect-ratio);-o-object-fit:cover;object-fit:cover;-o-object-position:center center;object-position:center center}@supports not (aspect-ratio:1\/1){.elementor-widget-video .elementor-custom-embed-image-overlay{position:relative;overflow:hidden;height:0;padding-bottom:calc(100% \/ var(--video-aspect-ratio))}.elementor-widget-video .elementor-custom-embed-image-overlay img{position:absolute;top:0;right:0;bottom:0;left:0}}.elementor-widget-video .e-hosted-video .elementor-video{-o-object-fit:cover;object-fit:cover}.e-con-inner>.elementor-widget-video,.e-con>.elementor-widget-video{width:var(--container-widget-width);--flex-grow:var(--container-widget-flex-grow)}<\/style>\t\t<div class=\"elementor-wrapper elementor-open-inline\">\n\t\t\t<div class=\"elementor-video\"><\/div>\t\t<\/div>\n\t\t\t\t<\/div>\n\t\t\t\t<\/div>\n\t\t\t\t\t<\/div>\n\t\t\t\t<\/div>\n\t\t<div class=\"elementor-element elementor-element-73d7045 e-flex e-con-boxed e-con e-parent\" data-id=\"73d7045\" data-element_type=\"container\" data-settings=\"{&quot;content_width&quot;:&quot;boxed&quot;}\" data-core-v316-plus=\"true\">\n\t\t\t\t\t<div class=\"e-con-inner\">\n\t\t\t\t<div class=\"elementor-element elementor-element-83d5f30 elementor-widget elementor-widget-text-editor\" data-id=\"83d5f30\" data-element_type=\"widget\" data-widget_type=\"text-editor.default\">\n\t\t\t\t<div class=\"elementor-widget-container\">\n\t\t\t\t\t\t\t<h6 style=\"margin: 0cm; text-align: left;\"><span lang=\"ES-MX\" style=\"font-family: 'Arial',sans-serif; color: #222222;\">La carrera de Educaci\u00f3n Inicial es la etapa educativa que atiende a ni\u00f1os desde su nacimiento hasta los 5 a\u00f1os, antes de su ingreso a la educaci\u00f3n primaria. <\/span><\/h6>\n<h6 style=\"margin: 0cm; text-align: left;\"><span lang=\"ES-MX\" style=\"font-family: 'Arial',sans-serif; color: #222222;\">Est\u00e1 centrada en promover el desarrollo integral del ni\u00f1o, abarcando \u00e1reas como el desarrollo cognitivo, emocional, social y f\u00edsico. En esta etapa, los ni\u00f1os comienzan a adquirir habilidades b\u00e1sicas que les ser\u00e1n fundamentales en su vida futura, como el lenguaje, la motricidad, la socializaci\u00f3n y la autonom\u00eda.<\/span><\/h6>\t\t\t\t\t\t<\/div>\n\t\t\t\t<\/div>\n\t\t\t\t\t<\/div>\n\t\t\t\t<\/div>\n\t\t<div class=\"elementor-element elementor-element-d41eaed e-flex e-con-boxed e-con e-parent\" data-id=\"d41eaed\" data-element_type=\"container\" data-settings=\"{&quot;content_width&quot;:&quot;boxed&quot;}\" data-core-v316-plus=\"true\">\n\t\t\t\t\t<div class=\"e-con-inner\">\n\t\t\t\t<div class=\"elementor-element elementor-element-95db3e7 elementor-tabs-view-horizontal elementor-widget elementor-widget-tabs\" data-id=\"95db3e7\" data-element_type=\"widget\" data-widget_type=\"tabs.default\">\n\t\t\t\t<div class=\"elementor-widget-container\">\n\t\t\t<style>\/*! elementor - v3.16.0 - 12-09-2023 *\/\n.elementor-widget-tabs.elementor-tabs-view-vertical .elementor-tabs-wrapper{width:25%;flex-shrink:0}.elementor-widget-tabs.elementor-tabs-view-vertical .elementor-tab-desktop-title.elementor-active{border-right-style:none}.elementor-widget-tabs.elementor-tabs-view-vertical .elementor-tab-desktop-title.elementor-active:after,.elementor-widget-tabs.elementor-tabs-view-vertical .elementor-tab-desktop-title.elementor-active:before{height:999em;width:0;right:0;border-right-style:solid}.elementor-widget-tabs.elementor-tabs-view-vertical .elementor-tab-desktop-title.elementor-active:before{top:0;transform:translateY(-100%)}.elementor-widget-tabs.elementor-tabs-view-vertical .elementor-tab-desktop-title.elementor-active:after{top:100%}.elementor-widget-tabs.elementor-tabs-view-horizontal .elementor-tab-desktop-title{display:table-cell}.elementor-widget-tabs.elementor-tabs-view-horizontal .elementor-tab-desktop-title.elementor-active{border-bottom-style:none}.elementor-widget-tabs.elementor-tabs-view-horizontal .elementor-tab-desktop-title.elementor-active:after,.elementor-widget-tabs.elementor-tabs-view-horizontal .elementor-tab-desktop-title.elementor-active:before{bottom:0;height:0;width:999em;border-bottom-style:solid}.elementor-widget-tabs.elementor-tabs-view-horizontal .elementor-tab-desktop-title.elementor-active:before{right:100%}.elementor-widget-tabs.elementor-tabs-view-horizontal .elementor-tab-desktop-title.elementor-active:after{left:100%}.elementor-widget-tabs .elementor-tab-content,.elementor-widget-tabs .elementor-tab-title,.elementor-widget-tabs .elementor-tab-title:after,.elementor-widget-tabs .elementor-tab-title:before,.elementor-widget-tabs .elementor-tabs-content-wrapper{border:1px #d5d8dc}.elementor-widget-tabs .elementor-tabs{text-align:left}.elementor-widget-tabs .elementor-tabs-wrapper{overflow:hidden}.elementor-widget-tabs .elementor-tab-title{cursor:pointer;outline:var(--focus-outline,none)}.elementor-widget-tabs .elementor-tab-desktop-title{position:relative;padding:20px 25px;font-weight:700;line-height:1;border:solid transparent}.elementor-widget-tabs .elementor-tab-desktop-title.elementor-active{border-color:#d5d8dc}.elementor-widget-tabs .elementor-tab-desktop-title.elementor-active:after,.elementor-widget-tabs .elementor-tab-desktop-title.elementor-active:before{display:block;content:\"\";position:absolute}.elementor-widget-tabs .elementor-tab-desktop-title:focus-visible{border:1px solid #000}.elementor-widget-tabs .elementor-tab-mobile-title{padding:10px;cursor:pointer}.elementor-widget-tabs .elementor-tab-content{padding:20px;display:none}@media (max-width:767px){.elementor-tabs .elementor-tab-content,.elementor-tabs .elementor-tab-title{border-style:solid solid none}.elementor-tabs .elementor-tabs-wrapper{display:none}.elementor-tabs .elementor-tabs-content-wrapper{border-bottom-style:solid}.elementor-tabs .elementor-tab-content{padding:10px}}@media (min-width:768px){.elementor-widget-tabs.elementor-tabs-view-vertical .elementor-tabs{display:flex}.elementor-widget-tabs.elementor-tabs-view-vertical .elementor-tabs-wrapper{flex-direction:column}.elementor-widget-tabs.elementor-tabs-view-vertical .elementor-tabs-content-wrapper{flex-grow:1;border-style:solid solid solid none}.elementor-widget-tabs.elementor-tabs-view-horizontal .elementor-tab-content{border-style:none solid solid}.elementor-widget-tabs.elementor-tabs-alignment-center .elementor-tabs-wrapper,.elementor-widget-tabs.elementor-tabs-alignment-end .elementor-tabs-wrapper,.elementor-widget-tabs.elementor-tabs-alignment-stretch .elementor-tabs-wrapper{display:flex}.elementor-widget-tabs.elementor-tabs-alignment-center .elementor-tabs-wrapper{justify-content:center}.elementor-widget-tabs.elementor-tabs-alignment-end .elementor-tabs-wrapper{justify-content:flex-end}.elementor-widget-tabs.elementor-tabs-alignment-stretch.elementor-tabs-view-horizontal .elementor-tab-title{width:100%}.elementor-widget-tabs.elementor-tabs-alignment-stretch.elementor-tabs-view-vertical .elementor-tab-title{height:100%}.elementor-tabs .elementor-tab-mobile-title{display:none}}<\/style>\t\t<div class=\"elementor-tabs\">\n\t\t\t<div class=\"elementor-tabs-wrapper\" role=\"tablist\" >\n\t\t\t\t\t\t\t\t\t<div id=\"elementor-tab-title-1571\" class=\"elementor-tab-title elementor-tab-desktop-title\" aria-selected=\"true\" data-tab=\"1\" role=\"tab\" tabindex=\"0\" aria-controls=\"elementor-tab-content-1571\" aria-expanded=\"false\">Perfil Profesional de la Carrera<\/div>\n\t\t\t\t\t\t\t\t\t<div id=\"elementor-tab-title-1572\" class=\"elementor-tab-title elementor-tab-desktop-title\" aria-selected=\"false\" data-tab=\"2\" role=\"tab\" tabindex=\"-1\" aria-controls=\"elementor-tab-content-1572\" aria-expanded=\"false\">Oportunidades laborales y Campos de acci\u00f3n<\/div>\n\t\t\t\t\t\t\t\t\t<div id=\"elementor-tab-title-1573\" class=\"elementor-tab-title elementor-tab-desktop-title\" aria-selected=\"false\" data-tab=\"3\" role=\"tab\" tabindex=\"-1\" aria-controls=\"elementor-tab-content-1573\" aria-expanded=\"false\">Cargos y Roles profesionales<\/div>\n\t\t\t\t\t\t\t\t\t<div id=\"elementor-tab-title-1574\" class=\"elementor-tab-title elementor-tab-desktop-title\" aria-selected=\"false\" data-tab=\"4\" role=\"tab\" tabindex=\"-1\" aria-controls=\"elementor-tab-content-1574\" aria-expanded=\"false\">Ventajas Competitivas<\/div>\n\t\t\t\t\t\t\t\t\t<div id=\"elementor-tab-title-1575\" class=\"elementor-tab-title elementor-tab-desktop-title\" aria-selected=\"false\" data-tab=\"5\" role=\"tab\" tabindex=\"-1\" aria-controls=\"elementor-tab-content-1575\" aria-expanded=\"false\">Tendencias del mercado<\/div>\n\t\t\t\t\t\t\t<\/div>\n\t\t\t<div class=\"elementor-tabs-content-wrapper\" role=\"tablist\" aria-orientation=\"vertical\">\n\t\t\t\t\t\t\t\t\t<div class=\"elementor-tab-title elementor-tab-mobile-title\" aria-selected=\"true\" data-tab=\"1\" role=\"tab\" tabindex=\"0\" aria-controls=\"elementor-tab-content-1571\" aria-expanded=\"false\">Perfil Profesional de la Carrera<\/div>\n\t\t\t\t\t<div id=\"elementor-tab-content-1571\" class=\"elementor-tab-content elementor-clearfix\" data-tab=\"1\" role=\"tabpanel\" aria-labelledby=\"elementor-tab-title-1571\" tabindex=\"0\" hidden=\"false\"><p><img loading=\"lazy\" decoding=\"async\" class=\"aligncenter wp-image-7075 size-full\" src=\"http:\/\/istvr.edu.ec\/web\/wp-content\/uploads\/2025\/09\/PERFIL-EDUIN.png\" alt=\"\" width=\"960\" height=\"540\" srcset=\"https:\/\/istvr.edu.ec\/web\/wp-content\/uploads\/2025\/09\/PERFIL-EDUIN.png 960w, https:\/\/istvr.edu.ec\/web\/wp-content\/uploads\/2025\/09\/PERFIL-EDUIN-300x169.png 300w, https:\/\/istvr.edu.ec\/web\/wp-content\/uploads\/2025\/09\/PERFIL-EDUIN-768x432.png 768w, https:\/\/istvr.edu.ec\/web\/wp-content\/uploads\/2025\/09\/PERFIL-EDUIN-230x129.png 230w, https:\/\/istvr.edu.ec\/web\/wp-content\/uploads\/2025\/09\/PERFIL-EDUIN-350x197.png 350w, https:\/\/istvr.edu.ec\/web\/wp-content\/uploads\/2025\/09\/PERFIL-EDUIN-480x270.png 480w\" sizes=\"auto, (max-width: 960px) 100vw, 960px\" \/><\/p><\/div>\n\t\t\t\t\t\t\t\t\t<div class=\"elementor-tab-title elementor-tab-mobile-title\" aria-selected=\"false\" data-tab=\"2\" role=\"tab\" tabindex=\"-1\" aria-controls=\"elementor-tab-content-1572\" aria-expanded=\"false\">Oportunidades laborales y Campos de acci\u00f3n<\/div>\n\t\t\t\t\t<div id=\"elementor-tab-content-1572\" class=\"elementor-tab-content elementor-clearfix\" data-tab=\"2\" role=\"tabpanel\" aria-labelledby=\"elementor-tab-title-1572\" tabindex=\"0\" hidden=\"hidden\"><p><img loading=\"lazy\" decoding=\"async\" class=\"aligncenter wp-image-7074 size-full\" src=\"http:\/\/istvr.edu.ec\/web\/wp-content\/uploads\/2025\/09\/OPORTUNIDADES-EDUINI.png\" alt=\"\" width=\"960\" height=\"540\" srcset=\"https:\/\/istvr.edu.ec\/web\/wp-content\/uploads\/2025\/09\/OPORTUNIDADES-EDUINI.png 960w, https:\/\/istvr.edu.ec\/web\/wp-content\/uploads\/2025\/09\/OPORTUNIDADES-EDUINI-300x169.png 300w, https:\/\/istvr.edu.ec\/web\/wp-content\/uploads\/2025\/09\/OPORTUNIDADES-EDUINI-768x432.png 768w, https:\/\/istvr.edu.ec\/web\/wp-content\/uploads\/2025\/09\/OPORTUNIDADES-EDUINI-230x129.png 230w, https:\/\/istvr.edu.ec\/web\/wp-content\/uploads\/2025\/09\/OPORTUNIDADES-EDUINI-350x197.png 350w, https:\/\/istvr.edu.ec\/web\/wp-content\/uploads\/2025\/09\/OPORTUNIDADES-EDUINI-480x270.png 480w\" sizes=\"auto, (max-width: 960px) 100vw, 960px\" \/><\/p><\/div>\n\t\t\t\t\t\t\t\t\t<div class=\"elementor-tab-title elementor-tab-mobile-title\" aria-selected=\"false\" data-tab=\"3\" role=\"tab\" tabindex=\"-1\" aria-controls=\"elementor-tab-content-1573\" aria-expanded=\"false\">Cargos y Roles profesionales<\/div>\n\t\t\t\t\t<div id=\"elementor-tab-content-1573\" class=\"elementor-tab-content elementor-clearfix\" data-tab=\"3\" role=\"tabpanel\" aria-labelledby=\"elementor-tab-title-1573\" tabindex=\"0\" hidden=\"hidden\"><p><img loading=\"lazy\" decoding=\"async\" class=\"aligncenter wp-image-7078 size-full\" src=\"http:\/\/istvr.edu.ec\/web\/wp-content\/uploads\/2025\/09\/CARGOS-EDUINI.png\" alt=\"\" width=\"960\" height=\"540\" srcset=\"https:\/\/istvr.edu.ec\/web\/wp-content\/uploads\/2025\/09\/CARGOS-EDUINI.png 960w, https:\/\/istvr.edu.ec\/web\/wp-content\/uploads\/2025\/09\/CARGOS-EDUINI-300x169.png 300w, https:\/\/istvr.edu.ec\/web\/wp-content\/uploads\/2025\/09\/CARGOS-EDUINI-768x432.png 768w, https:\/\/istvr.edu.ec\/web\/wp-content\/uploads\/2025\/09\/CARGOS-EDUINI-230x129.png 230w, https:\/\/istvr.edu.ec\/web\/wp-content\/uploads\/2025\/09\/CARGOS-EDUINI-350x197.png 350w, https:\/\/istvr.edu.ec\/web\/wp-content\/uploads\/2025\/09\/CARGOS-EDUINI-480x270.png 480w\" sizes=\"auto, (max-width: 960px) 100vw, 960px\" \/><\/p><\/div>\n\t\t\t\t\t\t\t\t\t<div class=\"elementor-tab-title elementor-tab-mobile-title\" aria-selected=\"false\" data-tab=\"4\" role=\"tab\" tabindex=\"-1\" aria-controls=\"elementor-tab-content-1574\" aria-expanded=\"false\">Ventajas Competitivas<\/div>\n\t\t\t\t\t<div id=\"elementor-tab-content-1574\" class=\"elementor-tab-content elementor-clearfix\" data-tab=\"4\" role=\"tabpanel\" aria-labelledby=\"elementor-tab-title-1574\" tabindex=\"0\" hidden=\"hidden\"><p><img loading=\"lazy\" decoding=\"async\" class=\"aligncenter wp-image-7077 size-full\" src=\"http:\/\/istvr.edu.ec\/web\/wp-content\/uploads\/2025\/09\/VENTAJAS-EDU-INI.png\" alt=\"\" width=\"960\" height=\"540\" srcset=\"https:\/\/istvr.edu.ec\/web\/wp-content\/uploads\/2025\/09\/VENTAJAS-EDU-INI.png 960w, https:\/\/istvr.edu.ec\/web\/wp-content\/uploads\/2025\/09\/VENTAJAS-EDU-INI-300x169.png 300w, https:\/\/istvr.edu.ec\/web\/wp-content\/uploads\/2025\/09\/VENTAJAS-EDU-INI-768x432.png 768w, https:\/\/istvr.edu.ec\/web\/wp-content\/uploads\/2025\/09\/VENTAJAS-EDU-INI-230x129.png 230w, https:\/\/istvr.edu.ec\/web\/wp-content\/uploads\/2025\/09\/VENTAJAS-EDU-INI-350x197.png 350w, https:\/\/istvr.edu.ec\/web\/wp-content\/uploads\/2025\/09\/VENTAJAS-EDU-INI-480x270.png 480w\" sizes=\"auto, (max-width: 960px) 100vw, 960px\" \/><\/p><\/div>\n\t\t\t\t\t\t\t\t\t<div class=\"elementor-tab-title elementor-tab-mobile-title\" aria-selected=\"false\" data-tab=\"5\" role=\"tab\" tabindex=\"-1\" aria-controls=\"elementor-tab-content-1575\" aria-expanded=\"false\">Tendencias del mercado<\/div>\n\t\t\t\t\t<div id=\"elementor-tab-content-1575\" class=\"elementor-tab-content elementor-clearfix\" data-tab=\"5\" role=\"tabpanel\" aria-labelledby=\"elementor-tab-title-1575\" tabindex=\"0\" hidden=\"hidden\"><p><img loading=\"lazy\" decoding=\"async\" class=\"aligncenter wp-image-7076 size-full\" src=\"http:\/\/istvr.edu.ec\/web\/wp-content\/uploads\/2025\/09\/TENDENCIAS-EDUINI.png\" alt=\"\" width=\"960\" height=\"540\" srcset=\"https:\/\/istvr.edu.ec\/web\/wp-content\/uploads\/2025\/09\/TENDENCIAS-EDUINI.png 960w, https:\/\/istvr.edu.ec\/web\/wp-content\/uploads\/2025\/09\/TENDENCIAS-EDUINI-300x169.png 300w, https:\/\/istvr.edu.ec\/web\/wp-content\/uploads\/2025\/09\/TENDENCIAS-EDUINI-768x432.png 768w, https:\/\/istvr.edu.ec\/web\/wp-content\/uploads\/2025\/09\/TENDENCIAS-EDUINI-230x129.png 230w, https:\/\/istvr.edu.ec\/web\/wp-content\/uploads\/2025\/09\/TENDENCIAS-EDUINI-350x197.png 350w, https:\/\/istvr.edu.ec\/web\/wp-content\/uploads\/2025\/09\/TENDENCIAS-EDUINI-480x270.png 480w\" sizes=\"auto, (max-width: 960px) 100vw, 960px\" \/><\/p><\/div>\n\t\t\t\t\t\t\t<\/div>\n\t\t<\/div>\n\t\t\t\t<\/div>\n\t\t\t\t<\/div>\n\t\t\t\t\t<\/div>\n\t\t\t\t<\/div>\n\t\t<div class=\"elementor-element elementor-element-681902c e-flex e-con-boxed e-con e-parent\" data-id=\"681902c\" data-element_type=\"container\" data-settings=\"{&quot;content_width&quot;:&quot;boxed&quot;}\" data-core-v316-plus=\"true\">\n\t\t\t\t\t<div class=\"e-con-inner\">\n\t\t\t\t<div class=\"elementor-element elementor-element-f93aab9 elementor-widget elementor-widget-heading\" data-id=\"f93aab9\" data-element_type=\"widget\" data-widget_type=\"heading.default\">\n\t\t\t\t<div class=\"elementor-widget-container\">\n\t\t\t<h4 class=\"elementor-heading-title elementor-size-default\"><a href=\"http:\/\/istvr.edu.ec\/web\/wp-content\/uploads\/2025\/10\/MALLA-EDUCACION-INICIAL.pdf\">MALLA DE EDUCACI\u00d3N INICIAL<\/a><\/h4>\t\t<\/div>\n\t\t\t\t<\/div>\n\t\t\t\t\t<\/div>\n\t\t\t\t<\/div>\n\t\t\t\t\t\t\t<\/div>\n\t\t","protected":false},"excerpt":{"rendered":"<p>CARRERA DE EDUCACI\u00d3N INICIAL POSTULA AQU\u00cd:\u00a0 https:\/\/www.registrounicoedusup.gob.ec\/ https:\/\/youtu.be\/EkAizLybfZg La carrera de Educaci\u00f3n Inicial es la etapa educativa que atiende a ni\u00f1os desde [&hellip;]<\/p>\n","protected":false},"author":1,"featured_media":0,"parent":0,"menu_order":0,"comment_status":"closed","ping_status":"closed","template":"","meta":{"pgc_sgb_lightbox_settings":"","footnotes":""},"class_list":["post-4987","page","type-page","status-publish","hentry"],"_links":{"self":[{"href":"https:\/\/istvr.edu.ec\/web\/wp-json\/wp\/v2\/pages\/4987","targetHints":{"allow":["GET"]}}],"collection":[{"href":"https:\/\/istvr.edu.ec\/web\/wp-json\/wp\/v2\/pages"}],"about":[{"href":"https:\/\/istvr.edu.ec\/web\/wp-json\/wp\/v2\/types\/page"}],"author":[{"embeddable":true,"href":"https:\/\/istvr.edu.ec\/web\/wp-json\/wp\/v2\/users\/1"}],"replies":[{"embeddable":true,"href":"https:\/\/istvr.edu.ec\/web\/wp-json\/wp\/v2\/comments?post=4987"}],"version-history":[{"count":32,"href":"https:\/\/istvr.edu.ec\/web\/wp-json\/wp\/v2\/pages\/4987\/revisions"}],"predecessor-version":[{"id":7672,"href":"https:\/\/istvr.edu.ec\/web\/wp-json\/wp\/v2\/pages\/4987\/revisions\/7672"}],"wp:attachment":[{"href":"https:\/\/istvr.edu.ec\/web\/wp-json\/wp\/v2\/media?parent=4987"}],"curies":[{"name":"wp","href":"https:\/\/api.w.org\/{rel}","templated":true}]}}