{"id":1625,"date":"2022-03-29T20:50:43","date_gmt":"2022-03-30T01:50:43","guid":{"rendered":"http:\/\/istvr.edu.ec\/web\/?page_id=1625"},"modified":"2023-06-19T15:59:31","modified_gmt":"2023-06-19T20:59:31","slug":"rendicion-de-cuentas-2021","status":"publish","type":"page","link":"https:\/\/istvr.edu.ec\/web\/rendicion-de-cuentas-2021\/","title":{"rendered":"Rendici\u00f3n de Cuentas 2021"},"content":{"rendered":"\n<h2 class=\"wp-block-heading\"><strong>Fase 0<\/strong><\/h2>\n\n\n\n<ul class=\"wp-block-list\">\n<li><a href=\"http:\/\/istvr.edu.ec\/web\/wp-content\/uploads\/2022\/05\/CONFORMACION-DE-EQUIPO-DE-TRABAJO.pdf\" target=\"_blank\" rel=\"noreferrer noopener\">Conformaci\u00f3n de equipo de trabajo<\/a><\/li>\n\n\n\n<li><a href=\"https:\/\/istvr.edu.ec\/web\/wp-content\/uploads\/2022\/05\/DISENO-DE-LA-PROPUESTA-DEL-PROCESO-DE-RENDICION-DE-CUENTAS.xlsx\" target=\"_blank\" rel=\"noreferrer noopener\">Dise\u00f1o de la propuesta del proceso de rendici\u00f3n de cuentas<\/a><\/li>\n<\/ul>\n\n\n\n<h2 class=\"wp-block-heading\"><strong>Fase 1<\/strong><\/h2>\n\n\n\n<ul class=\"wp-block-list\">\n<li>Evaluaci\u00f3n de la gesti\u00f3n institucional<\/li>\n\n\n\n<li>Llenado del formulario de informe de rendici\u00f3n de cuentas establecido por el CPCCS<\/li>\n\n\n\n<li><a href=\"http:\/\/istvr.edu.ec\/web\/wp-content\/uploads\/2022\/04\/2-INFORME-DE-RENDICION-DE-CUENTAS-2021.pdf\" target=\"_blank\" rel=\"noreferrer noopener\">Redacci\u00f3n del informe de rendici\u00f3n de cuentas<\/a><\/li>\n\n\n\n<li>Socializaci\u00f3n interna y aprobaci\u00f3n del informe de rendici\u00f3n de cuentas por parte de los responsables<\/li>\n<\/ul>\n\n\n\n<h2 class=\"wp-block-heading\"><strong>Fase 2<\/strong><\/h2>\n\n\n\n<ul class=\"wp-block-list\">\n<li><a href=\"https:\/\/istvr.edu.ec\/web\/wp-content\/uploads\/2022\/05\/FACEBOOK.pdf\">Difusi\u00f3n del informe de rendici\u00f3n de cuentas a trav\u00e9s de distintos medios<\/a><\/li>\n\n\n\n<li>Planificaci\u00f3n de los eventos participativos<\/li>\n\n\n\n<li><a href=\"http:\/\/istvr.edu.ec\/web\/wp-content\/uploads\/2022\/05\/RINDIO-CUENTAS-A-LA-CIUDADANIA-EN-LA-PLAZO-ESTABLECIDO.pdf\">Rindi\u00f3 cuentas a la ciudadan\u00eda en la plazo establecido<\/a><\/li>\n\n\n\n<li>Incorporaci\u00f3n de los aportes ciudadanos en el informe de rendici\u00f3n de cuentas<\/li>\n<\/ul>\n\n\n\n<h2 class=\"wp-block-heading\"><strong>Fase 3<\/strong><\/h2>\n\n\n\n<ul class=\"wp-block-list\">\n<li><a href=\"https:\/\/istvr.edu.ec\/web\/wp-content\/uploads\/2022\/05\/ENTREGA-DEL-INFORME-DE-RENDICION-DE-CUENTAS-AL-CPCCS-A-TRAVES-DEL-INGRESO-DEL-INFORME-EN-EL-SISTEMA-VIRTUAL.pdf\" target=\"_blank\" rel=\"noreferrer noopener\">Entrega del informe de rendici\u00f3n de cuentas al CPCCS, a trav\u00e9s del ingreso del informe en el sistema virtual<\/a><\/li>\n<\/ul>\n","protected":false},"excerpt":{"rendered":"<p>Fase 0 Fase 1 Fase 2 Fase 3<\/p>\n","protected":false},"author":1,"featured_media":0,"parent":0,"menu_order":0,"comment_status":"closed","ping_status":"closed","template":"","meta":{"pgc_sgb_lightbox_settings":"","footnotes":""},"class_list":["post-1625","page","type-page","status-publish","hentry"],"yoast_head":"<!-- This site is optimized with the Yoast SEO plugin v27.5 - https:\/\/yoast.com\/product\/yoast-seo-wordpress\/ -->\n<title>Rendici\u00f3n de Cuentas 2021 -<\/title>\n<meta name=\"robots\" content=\"index, follow, max-snippet:-1, max-image-preview:large, max-video-preview:-1\" \/>\n<link rel=\"canonical\" href=\"https:\/\/istvr.edu.ec\/web\/rendicion-de-cuentas-2021\/\" \/>\n<meta property=\"og:locale\" content=\"es_ES\" \/>\n<meta property=\"og:type\" content=\"article\" \/>\n<meta property=\"og:title\" content=\"Rendici\u00f3n de Cuentas 2021 -\" \/>\n<meta property=\"og:description\" content=\"Fase 0 Fase 1 Fase 2 Fase 3\" \/>\n<meta property=\"og:url\" content=\"https:\/\/istvr.edu.ec\/web\/rendicion-de-cuentas-2021\/\" \/>\n<meta property=\"article:publisher\" content=\"https:\/\/www.facebook.com\/ISTVR\" \/>\n<meta property=\"article:modified_time\" content=\"2023-06-19T20:59:31+00:00\" \/>\n<meta name=\"twitter:card\" content=\"summary_large_image\" \/>\n<meta name=\"twitter:site\" content=\"@istvr_edu_ec\" \/>\n<meta name=\"twitter:label1\" content=\"Tiempo de lectura\" \/>\n\t<meta name=\"twitter:data1\" content=\"1 minuto\" \/>\n<script type=\"application\/ld+json\" class=\"yoast-schema-graph\">{\"@context\":\"https:\\\/\\\/schema.org\",\"@graph\":[{\"@type\":\"WebPage\",\"@id\":\"https:\\\/\\\/istvr.edu.ec\\\/web\\\/rendicion-de-cuentas-2021\\\/\",\"url\":\"https:\\\/\\\/istvr.edu.ec\\\/web\\\/rendicion-de-cuentas-2021\\\/\",\"name\":\"Rendici\u00f3n de Cuentas 2021 -\",\"isPartOf\":{\"@id\":\"https:\\\/\\\/istvr.edu.ec\\\/web\\\/#website\"},\"datePublished\":\"2022-03-30T01:50:43+00:00\",\"dateModified\":\"2023-06-19T20:59:31+00:00\",\"breadcrumb\":{\"@id\":\"https:\\\/\\\/istvr.edu.ec\\\/web\\\/rendicion-de-cuentas-2021\\\/#breadcrumb\"},\"inLanguage\":\"es\",\"potentialAction\":[{\"@type\":\"ReadAction\",\"target\":[\"https:\\\/\\\/istvr.edu.ec\\\/web\\\/rendicion-de-cuentas-2021\\\/\"]}]},{\"@type\":\"BreadcrumbList\",\"@id\":\"https:\\\/\\\/istvr.edu.ec\\\/web\\\/rendicion-de-cuentas-2021\\\/#breadcrumb\",\"itemListElement\":[{\"@type\":\"ListItem\",\"position\":1,\"name\":\"Portada\",\"item\":\"https:\\\/\\\/istvr.edu.ec\\\/web\\\/\"},{\"@type\":\"ListItem\",\"position\":2,\"name\":\"Rendici\u00f3n de Cuentas 2021\"}]},{\"@type\":\"WebSite\",\"@id\":\"https:\\\/\\\/istvr.edu.ec\\\/web\\\/#website\",\"url\":\"https:\\\/\\\/istvr.edu.ec\\\/web\\\/\",\"name\":\"https:\\\/\\\/istvr.edu.ec\\\/web\\\/\",\"description\":\"\",\"potentialAction\":[{\"@type\":\"SearchAction\",\"target\":{\"@type\":\"EntryPoint\",\"urlTemplate\":\"https:\\\/\\\/istvr.edu.ec\\\/web\\\/?s={search_term_string}\"},\"query-input\":{\"@type\":\"PropertyValueSpecification\",\"valueRequired\":true,\"valueName\":\"search_term_string\"}}],\"inLanguage\":\"es\"}]}<\/script>\n<!-- \/ Yoast SEO plugin. -->","yoast_head_json":{"title":"Rendici\u00f3n de Cuentas 2021 -","robots":{"index":"index","follow":"follow","max-snippet":"max-snippet:-1","max-image-preview":"max-image-preview:large","max-video-preview":"max-video-preview:-1"},"canonical":"https:\/\/istvr.edu.ec\/web\/rendicion-de-cuentas-2021\/","og_locale":"es_ES","og_type":"article","og_title":"Rendici\u00f3n de Cuentas 2021 -","og_description":"Fase 0 Fase 1 Fase 2 Fase 3","og_url":"https:\/\/istvr.edu.ec\/web\/rendicion-de-cuentas-2021\/","article_publisher":"https:\/\/www.facebook.com\/ISTVR","article_modified_time":"2023-06-19T20:59:31+00:00","twitter_card":"summary_large_image","twitter_site":"@istvr_edu_ec","twitter_misc":{"Tiempo de lectura":"1 minuto"},"schema":{"@context":"https:\/\/schema.org","@graph":[{"@type":"WebPage","@id":"https:\/\/istvr.edu.ec\/web\/rendicion-de-cuentas-2021\/","url":"https:\/\/istvr.edu.ec\/web\/rendicion-de-cuentas-2021\/","name":"Rendici\u00f3n de Cuentas 2021 -","isPartOf":{"@id":"https:\/\/istvr.edu.ec\/web\/#website"},"datePublished":"2022-03-30T01:50:43+00:00","dateModified":"2023-06-19T20:59:31+00:00","breadcrumb":{"@id":"https:\/\/istvr.edu.ec\/web\/rendicion-de-cuentas-2021\/#breadcrumb"},"inLanguage":"es","potentialAction":[{"@type":"ReadAction","target":["https:\/\/istvr.edu.ec\/web\/rendicion-de-cuentas-2021\/"]}]},{"@type":"BreadcrumbList","@id":"https:\/\/istvr.edu.ec\/web\/rendicion-de-cuentas-2021\/#breadcrumb","itemListElement":[{"@type":"ListItem","position":1,"name":"Portada","item":"https:\/\/istvr.edu.ec\/web\/"},{"@type":"ListItem","position":2,"name":"Rendici\u00f3n de Cuentas 2021"}]},{"@type":"WebSite","@id":"https:\/\/istvr.edu.ec\/web\/#website","url":"https:\/\/istvr.edu.ec\/web\/","name":"https:\/\/istvr.edu.ec\/web\/","description":"","potentialAction":[{"@type":"SearchAction","target":{"@type":"EntryPoint","urlTemplate":"https:\/\/istvr.edu.ec\/web\/?s={search_term_string}"},"query-input":{"@type":"PropertyValueSpecification","valueRequired":true,"valueName":"search_term_string"}}],"inLanguage":"es"}]}},"_links":{"self":[{"href":"https:\/\/istvr.edu.ec\/web\/wp-json\/wp\/v2\/pages\/1625","targetHints":{"allow":["GET"]}}],"collection":[{"href":"https:\/\/istvr.edu.ec\/web\/wp-json\/wp\/v2\/pages"}],"about":[{"href":"https:\/\/istvr.edu.ec\/web\/wp-json\/wp\/v2\/types\/page"}],"author":[{"embeddable":true,"href":"https:\/\/istvr.edu.ec\/web\/wp-json\/wp\/v2\/users\/1"}],"replies":[{"embeddable":true,"href":"https:\/\/istvr.edu.ec\/web\/wp-json\/wp\/v2\/comments?post=1625"}],"version-history":[{"count":24,"href":"https:\/\/istvr.edu.ec\/web\/wp-json\/wp\/v2\/pages\/1625\/revisions"}],"predecessor-version":[{"id":3098,"href":"https:\/\/istvr.edu.ec\/web\/wp-json\/wp\/v2\/pages\/1625\/revisions\/3098"}],"wp:attachment":[{"href":"https:\/\/istvr.edu.ec\/web\/wp-json\/wp\/v2\/media?parent=1625"}],"curies":[{"name":"wp","href":"https:\/\/api.w.org\/{rel}","templated":true}]}}