{"id":1353,"date":"2021-10-23T11:01:22","date_gmt":"2021-10-23T16:01:22","guid":{"rendered":"http:\/\/istvr.edu.ec\/web\/?page_id=1353"},"modified":"2026-03-17T11:07:39","modified_gmt":"2026-03-17T16:07:39","slug":"vicerrector-instituto-superior-tecnologico-vicente-rocafuerte-2","status":"publish","type":"page","link":"https:\/\/istvr.edu.ec\/web\/vicerrector-instituto-superior-tecnologico-vicente-rocafuerte-2\/","title":{"rendered":"Vicerrectorado ISTVR"},"content":{"rendered":"\t\t<div data-elementor-type=\"wp-page\" data-elementor-id=\"1353\" class=\"elementor elementor-1353\">\n\t\t\t\t\t\t\t<div class=\"elementor-element elementor-element-4621548 e-flex e-con-boxed e-con e-parent\" data-id=\"4621548\" data-element_type=\"container\" data-settings=\"{&quot;content_width&quot;:&quot;boxed&quot;}\" data-core-v316-plus=\"true\">\n\t\t\t\t\t<div class=\"e-con-inner\">\n\t\t\t\t<div class=\"elementor-element elementor-element-0051911 elementor-widget elementor-widget-heading\" data-id=\"0051911\" data-element_type=\"widget\" data-widget_type=\"heading.default\">\n\t\t\t\t<div class=\"elementor-widget-container\">\n\t\t\t<style>\/*! elementor - v3.16.0 - 12-09-2023 *\/\n.elementor-heading-title{padding:0;margin:0;line-height:1}.elementor-widget-heading .elementor-heading-title[class*=elementor-size-]>a{color:inherit;font-size:inherit;line-height:inherit}.elementor-widget-heading .elementor-heading-title.elementor-size-small{font-size:15px}.elementor-widget-heading .elementor-heading-title.elementor-size-medium{font-size:19px}.elementor-widget-heading .elementor-heading-title.elementor-size-large{font-size:29px}.elementor-widget-heading .elementor-heading-title.elementor-size-xl{font-size:39px}.elementor-widget-heading .elementor-heading-title.elementor-size-xxl{font-size:59px}<\/style><h2 class=\"elementor-heading-title elementor-size-default\">VICERECTORADO ISTVR<\/h2>\t\t<\/div>\n\t\t\t\t<\/div>\n\t\t\t\t\t<\/div>\n\t\t\t\t<\/div>\n\t\t<div class=\"elementor-element elementor-element-3f94bb45 e-flex e-con-boxed e-con e-parent\" data-id=\"3f94bb45\" data-element_type=\"container\" data-settings=\"{&quot;content_width&quot;:&quot;boxed&quot;}\" data-core-v316-plus=\"true\">\n\t\t\t\t\t<div class=\"e-con-inner\">\n\t\t\t\t<div class=\"elementor-element elementor-element-53ee58a2 elementor-widget elementor-widget-text-editor\" data-id=\"53ee58a2\" data-element_type=\"widget\" data-widget_type=\"text-editor.default\">\n\t\t\t\t<div class=\"elementor-widget-container\">\n\t\t\t<style>\/*! elementor - v3.16.0 - 12-09-2023 *\/\n.elementor-widget-text-editor.elementor-drop-cap-view-stacked .elementor-drop-cap{background-color:#69727d;color:#fff}.elementor-widget-text-editor.elementor-drop-cap-view-framed .elementor-drop-cap{color:#69727d;border:3px solid;background-color:transparent}.elementor-widget-text-editor:not(.elementor-drop-cap-view-default) .elementor-drop-cap{margin-top:8px}.elementor-widget-text-editor:not(.elementor-drop-cap-view-default) .elementor-drop-cap-letter{width:1em;height:1em}.elementor-widget-text-editor .elementor-drop-cap{float:left;text-align:center;line-height:1;font-size:50px}.elementor-widget-text-editor .elementor-drop-cap-letter{display:inline-block}<\/style>\t\t\t\t<!-- wp:image {\"id\":4592,\"sizeSlug\":\"large\",\"linkDestination\":\"none\"} -->\n<figure class=\"wp-block-image size-large\"><img loading=\"lazy\" decoding=\"async\" width=\"1024\" height=\"768\" class=\"wp-image-4592\" src=\"http:\/\/istvr.edu.ec\/web\/wp-content\/uploads\/2024\/07\/XXX-1024x768.jpg\" alt=\"\" srcset=\"https:\/\/istvr.edu.ec\/web\/wp-content\/uploads\/2024\/07\/XXX-1024x768.jpg 1024w, https:\/\/istvr.edu.ec\/web\/wp-content\/uploads\/2024\/07\/XXX-300x225.jpg 300w, https:\/\/istvr.edu.ec\/web\/wp-content\/uploads\/2024\/07\/XXX-768x576.jpg 768w, https:\/\/istvr.edu.ec\/web\/wp-content\/uploads\/2024\/07\/XXX-1536x1152.jpg 1536w, https:\/\/istvr.edu.ec\/web\/wp-content\/uploads\/2024\/07\/XXX-1000x750.jpg 1000w, https:\/\/istvr.edu.ec\/web\/wp-content\/uploads\/2024\/07\/XXX-230x173.jpg 230w, https:\/\/istvr.edu.ec\/web\/wp-content\/uploads\/2024\/07\/XXX-350x263.jpg 350w, https:\/\/istvr.edu.ec\/web\/wp-content\/uploads\/2024\/07\/XXX-480x360.jpg 480w, https:\/\/istvr.edu.ec\/web\/wp-content\/uploads\/2024\/07\/XXX.jpg 1600w\" sizes=\"auto, (max-width: 1024px) 100vw, 1024px\" \/><\/figure>\n<!-- \/wp:image --><!-- wp:paragraph -->\n<p><strong>Magister Pamela Roxana L\u00f3pez Pincay.<\/strong><\/p>\n<p><!-- \/wp:paragraph --><!-- wp:paragraph --><\/p>\n<p><strong>Vicerrectora<\/strong><\/p>\n<p><!-- \/wp:paragraph --><!-- wp:paragraph --><\/p>\n<p>Pamela L\u00f3pez Pincay, de profesi\u00f3n economista, t\u00edtulo obtenido en la Universidad Laica Vicente Rocafuerte de Guayaquil, cuenta con un Diplomado en Administraci\u00f3n de Empresas de la Escuela Superior Polit\u00e9cnica del Litoral, Mag\u00edster en Administraci\u00f3n de Empresas por la Universidad de Guayaquil, y Doctorando en Ciencias Sociales de la Universidad del Zulia.<\/p>\n<p><!-- \/wp:paragraph --><!-- wp:paragraph --><\/p>\n<p>Cuenta con amplia experiencia en la docencia universitaria, Instituto Tecnol\u00f3gico Sudamericano, Universidad T\u00e9cnica Jos\u00e9 Peralta de la Troncal, Instituto Superior Tecnol\u00f3gico Vicente Rocafuerte de Guayaquil, Universidad Laica Vicente Rocafuerte de Guayaquil, Universidad de Guayaquil; ejerciendo adem\u00e1s la Gestor\u00eda de Acreditaci\u00f3n.<\/p>\n<p><!-- \/wp:paragraph --><!-- wp:paragraph --><\/p>\n<p>En cuanto a su experiencia profesional ha estado vinculada en gestiones financieras y administrativas de empresas privadas.<\/p>\n<p><!-- \/wp:paragraph --><!-- wp:paragraph --><\/p>\n<p>A lo largo de su preparaci\u00f3n ha realizado diferentes cursos de actualizaciones de conocimientos como cursos de evaluadores CACES, Direcci\u00f3n de gerencia, Estrategias de atenci\u00f3n Inclusiva\u00a0en el Consejo de Educaci\u00f3n Superior, entre otros.<\/p>\n<p><!-- \/wp:paragraph --><!-- wp:paragraph --><\/p>\n<p>Adem\u00e1s, como investigadora ha realizado publicaciones de cap\u00edtulos de libros, as\u00ed como ponencias\u00a0y art\u00edculos cient\u00edficos en el \u00e1rea financiera y de emprendimiento.<\/p>\n<p><!-- \/wp:paragraph --><!-- wp:paragraph --><\/p>\n<p>\u00a0<\/p>\n<!-- \/wp:paragraph --><!-- wp:paragraph -->\n<p>\u00a0<\/p>\n<!-- \/wp:paragraph --><!-- wp:paragraph -->\n<p>\u00a0<\/p>\n<!-- \/wp:paragraph --><!-- wp:paragraph -->\n<p>\u00a0<\/p>\n<!-- \/wp:paragraph --><!-- wp:paragraph -->\n<p>\u00a0<\/p>\n<!-- \/wp:paragraph -->\t\t\t\t\t\t<\/div>\n\t\t\t\t<\/div>\n\t\t\t\t\t<\/div>\n\t\t\t\t<\/div>\n\t\t\t\t\t\t\t<\/div>\n\t\t","protected":false},"excerpt":{"rendered":"<p>VICERECTORADO ISTVR Magister Pamela Roxana L\u00f3pez Pincay. Vicerrectora Pamela L\u00f3pez Pincay, de profesi\u00f3n economista, t\u00edtulo obtenido en la Universidad Laica Vicente Rocafuerte [&hellip;]<\/p>\n","protected":false},"author":1,"featured_media":0,"parent":0,"menu_order":0,"comment_status":"closed","ping_status":"closed","template":"","meta":{"pgc_sgb_lightbox_settings":"","footnotes":""},"class_list":["post-1353","page","type-page","status-publish","hentry"],"yoast_head":"<!-- This site is optimized with the Yoast SEO plugin v27.5 - https:\/\/yoast.com\/product\/yoast-seo-wordpress\/ -->\n<title>Vicerrectorado ISTVR -<\/title>\n<meta name=\"robots\" content=\"index, follow, max-snippet:-1, max-image-preview:large, max-video-preview:-1\" \/>\n<link rel=\"canonical\" href=\"https:\/\/istvr.edu.ec\/web\/vicerrector-instituto-superior-tecnologico-vicente-rocafuerte-2\/\" \/>\n<meta property=\"og:locale\" content=\"es_ES\" \/>\n<meta property=\"og:type\" content=\"article\" \/>\n<meta property=\"og:title\" content=\"Vicerrectorado ISTVR -\" \/>\n<meta property=\"og:description\" content=\"VICERECTORADO ISTVR Magister Pamela Roxana L\u00f3pez Pincay. Vicerrectora Pamela L\u00f3pez Pincay, de profesi\u00f3n economista, t\u00edtulo obtenido en la Universidad Laica Vicente Rocafuerte [&hellip;]\" \/>\n<meta property=\"og:url\" content=\"https:\/\/istvr.edu.ec\/web\/vicerrector-instituto-superior-tecnologico-vicente-rocafuerte-2\/\" \/>\n<meta property=\"article:publisher\" content=\"https:\/\/www.facebook.com\/ISTVR\" \/>\n<meta property=\"article:modified_time\" content=\"2026-03-17T16:07:39+00:00\" \/>\n<meta property=\"og:image\" content=\"http:\/\/istvr.edu.ec\/web\/wp-content\/uploads\/2024\/07\/XXX-1024x768.jpg\" \/>\n<meta name=\"twitter:card\" content=\"summary_large_image\" \/>\n<meta name=\"twitter:site\" content=\"@istvr_edu_ec\" \/>\n<meta name=\"twitter:label1\" content=\"Tiempo de lectura\" \/>\n\t<meta name=\"twitter:data1\" content=\"1 minuto\" \/>\n<script type=\"application\/ld+json\" class=\"yoast-schema-graph\">{\"@context\":\"https:\\\/\\\/schema.org\",\"@graph\":[{\"@type\":\"WebPage\",\"@id\":\"https:\\\/\\\/istvr.edu.ec\\\/web\\\/vicerrector-instituto-superior-tecnologico-vicente-rocafuerte-2\\\/\",\"url\":\"https:\\\/\\\/istvr.edu.ec\\\/web\\\/vicerrector-instituto-superior-tecnologico-vicente-rocafuerte-2\\\/\",\"name\":\"Vicerrectorado ISTVR -\",\"isPartOf\":{\"@id\":\"https:\\\/\\\/istvr.edu.ec\\\/web\\\/#website\"},\"primaryImageOfPage\":{\"@id\":\"https:\\\/\\\/istvr.edu.ec\\\/web\\\/vicerrector-instituto-superior-tecnologico-vicente-rocafuerte-2\\\/#primaryimage\"},\"image\":{\"@id\":\"https:\\\/\\\/istvr.edu.ec\\\/web\\\/vicerrector-instituto-superior-tecnologico-vicente-rocafuerte-2\\\/#primaryimage\"},\"thumbnailUrl\":\"http:\\\/\\\/istvr.edu.ec\\\/web\\\/wp-content\\\/uploads\\\/2024\\\/07\\\/XXX-1024x768.jpg\",\"datePublished\":\"2021-10-23T16:01:22+00:00\",\"dateModified\":\"2026-03-17T16:07:39+00:00\",\"breadcrumb\":{\"@id\":\"https:\\\/\\\/istvr.edu.ec\\\/web\\\/vicerrector-instituto-superior-tecnologico-vicente-rocafuerte-2\\\/#breadcrumb\"},\"inLanguage\":\"es\",\"potentialAction\":[{\"@type\":\"ReadAction\",\"target\":[\"https:\\\/\\\/istvr.edu.ec\\\/web\\\/vicerrector-instituto-superior-tecnologico-vicente-rocafuerte-2\\\/\"]}]},{\"@type\":\"ImageObject\",\"inLanguage\":\"es\",\"@id\":\"https:\\\/\\\/istvr.edu.ec\\\/web\\\/vicerrector-instituto-superior-tecnologico-vicente-rocafuerte-2\\\/#primaryimage\",\"url\":\"https:\\\/\\\/istvr.edu.ec\\\/web\\\/wp-content\\\/uploads\\\/2024\\\/07\\\/XXX.jpg\",\"contentUrl\":\"https:\\\/\\\/istvr.edu.ec\\\/web\\\/wp-content\\\/uploads\\\/2024\\\/07\\\/XXX.jpg\",\"width\":1600,\"height\":1200},{\"@type\":\"BreadcrumbList\",\"@id\":\"https:\\\/\\\/istvr.edu.ec\\\/web\\\/vicerrector-instituto-superior-tecnologico-vicente-rocafuerte-2\\\/#breadcrumb\",\"itemListElement\":[{\"@type\":\"ListItem\",\"position\":1,\"name\":\"Portada\",\"item\":\"https:\\\/\\\/istvr.edu.ec\\\/web\\\/\"},{\"@type\":\"ListItem\",\"position\":2,\"name\":\"Vicerrectorado ISTVR\"}]},{\"@type\":\"WebSite\",\"@id\":\"https:\\\/\\\/istvr.edu.ec\\\/web\\\/#website\",\"url\":\"https:\\\/\\\/istvr.edu.ec\\\/web\\\/\",\"name\":\"https:\\\/\\\/istvr.edu.ec\\\/web\\\/\",\"description\":\"\",\"potentialAction\":[{\"@type\":\"SearchAction\",\"target\":{\"@type\":\"EntryPoint\",\"urlTemplate\":\"https:\\\/\\\/istvr.edu.ec\\\/web\\\/?s={search_term_string}\"},\"query-input\":{\"@type\":\"PropertyValueSpecification\",\"valueRequired\":true,\"valueName\":\"search_term_string\"}}],\"inLanguage\":\"es\"}]}<\/script>\n<!-- \/ Yoast SEO plugin. -->","yoast_head_json":{"title":"Vicerrectorado ISTVR -","robots":{"index":"index","follow":"follow","max-snippet":"max-snippet:-1","max-image-preview":"max-image-preview:large","max-video-preview":"max-video-preview:-1"},"canonical":"https:\/\/istvr.edu.ec\/web\/vicerrector-instituto-superior-tecnologico-vicente-rocafuerte-2\/","og_locale":"es_ES","og_type":"article","og_title":"Vicerrectorado ISTVR -","og_description":"VICERECTORADO ISTVR Magister Pamela Roxana L\u00f3pez Pincay. Vicerrectora Pamela L\u00f3pez Pincay, de profesi\u00f3n economista, t\u00edtulo obtenido en la Universidad Laica Vicente Rocafuerte [&hellip;]","og_url":"https:\/\/istvr.edu.ec\/web\/vicerrector-instituto-superior-tecnologico-vicente-rocafuerte-2\/","article_publisher":"https:\/\/www.facebook.com\/ISTVR","article_modified_time":"2026-03-17T16:07:39+00:00","og_image":[{"url":"http:\/\/istvr.edu.ec\/web\/wp-content\/uploads\/2024\/07\/XXX-1024x768.jpg","type":"","width":"","height":""}],"twitter_card":"summary_large_image","twitter_site":"@istvr_edu_ec","twitter_misc":{"Tiempo de lectura":"1 minuto"},"schema":{"@context":"https:\/\/schema.org","@graph":[{"@type":"WebPage","@id":"https:\/\/istvr.edu.ec\/web\/vicerrector-instituto-superior-tecnologico-vicente-rocafuerte-2\/","url":"https:\/\/istvr.edu.ec\/web\/vicerrector-instituto-superior-tecnologico-vicente-rocafuerte-2\/","name":"Vicerrectorado ISTVR -","isPartOf":{"@id":"https:\/\/istvr.edu.ec\/web\/#website"},"primaryImageOfPage":{"@id":"https:\/\/istvr.edu.ec\/web\/vicerrector-instituto-superior-tecnologico-vicente-rocafuerte-2\/#primaryimage"},"image":{"@id":"https:\/\/istvr.edu.ec\/web\/vicerrector-instituto-superior-tecnologico-vicente-rocafuerte-2\/#primaryimage"},"thumbnailUrl":"http:\/\/istvr.edu.ec\/web\/wp-content\/uploads\/2024\/07\/XXX-1024x768.jpg","datePublished":"2021-10-23T16:01:22+00:00","dateModified":"2026-03-17T16:07:39+00:00","breadcrumb":{"@id":"https:\/\/istvr.edu.ec\/web\/vicerrector-instituto-superior-tecnologico-vicente-rocafuerte-2\/#breadcrumb"},"inLanguage":"es","potentialAction":[{"@type":"ReadAction","target":["https:\/\/istvr.edu.ec\/web\/vicerrector-instituto-superior-tecnologico-vicente-rocafuerte-2\/"]}]},{"@type":"ImageObject","inLanguage":"es","@id":"https:\/\/istvr.edu.ec\/web\/vicerrector-instituto-superior-tecnologico-vicente-rocafuerte-2\/#primaryimage","url":"https:\/\/istvr.edu.ec\/web\/wp-content\/uploads\/2024\/07\/XXX.jpg","contentUrl":"https:\/\/istvr.edu.ec\/web\/wp-content\/uploads\/2024\/07\/XXX.jpg","width":1600,"height":1200},{"@type":"BreadcrumbList","@id":"https:\/\/istvr.edu.ec\/web\/vicerrector-instituto-superior-tecnologico-vicente-rocafuerte-2\/#breadcrumb","itemListElement":[{"@type":"ListItem","position":1,"name":"Portada","item":"https:\/\/istvr.edu.ec\/web\/"},{"@type":"ListItem","position":2,"name":"Vicerrectorado ISTVR"}]},{"@type":"WebSite","@id":"https:\/\/istvr.edu.ec\/web\/#website","url":"https:\/\/istvr.edu.ec\/web\/","name":"https:\/\/istvr.edu.ec\/web\/","description":"","potentialAction":[{"@type":"SearchAction","target":{"@type":"EntryPoint","urlTemplate":"https:\/\/istvr.edu.ec\/web\/?s={search_term_string}"},"query-input":{"@type":"PropertyValueSpecification","valueRequired":true,"valueName":"search_term_string"}}],"inLanguage":"es"}]}},"_links":{"self":[{"href":"https:\/\/istvr.edu.ec\/web\/wp-json\/wp\/v2\/pages\/1353","targetHints":{"allow":["GET"]}}],"collection":[{"href":"https:\/\/istvr.edu.ec\/web\/wp-json\/wp\/v2\/pages"}],"about":[{"href":"https:\/\/istvr.edu.ec\/web\/wp-json\/wp\/v2\/types\/page"}],"author":[{"embeddable":true,"href":"https:\/\/istvr.edu.ec\/web\/wp-json\/wp\/v2\/users\/1"}],"replies":[{"embeddable":true,"href":"https:\/\/istvr.edu.ec\/web\/wp-json\/wp\/v2\/comments?post=1353"}],"version-history":[{"count":12,"href":"https:\/\/istvr.edu.ec\/web\/wp-json\/wp\/v2\/pages\/1353\/revisions"}],"predecessor-version":[{"id":8085,"href":"https:\/\/istvr.edu.ec\/web\/wp-json\/wp\/v2\/pages\/1353\/revisions\/8085"}],"wp:attachment":[{"href":"https:\/\/istvr.edu.ec\/web\/wp-json\/wp\/v2\/media?parent=1353"}],"curies":[{"name":"wp","href":"https:\/\/api.w.org\/{rel}","templated":true}]}}