{"id":1159,"date":"2021-09-23T19:48:24","date_gmt":"2021-09-24T00:48:24","guid":{"rendered":"http:\/\/istvr.edu.ec\/web\/?page_id=1159"},"modified":"2026-08-26T11:56:28","modified_gmt":"2026-08-26T16:56:28","slug":"centro-de-idiomas","status":"publish","type":"page","link":"https:\/\/istvr.edu.ec\/web\/centro-de-idiomas\/","title":{"rendered":"Centro de Idiomas"},"content":{"rendered":"\t\t<div data-elementor-type=\"wp-page\" data-elementor-id=\"1159\" class=\"elementor elementor-1159\">\n\t\t\t\t\t\t<section class=\"elementor-section elementor-top-section elementor-element elementor-element-5f32931 elementor-section-boxed elementor-section-height-default elementor-section-height-default\" data-id=\"5f32931\" data-element_type=\"section\" data-e-type=\"section\">\n\t\t\t\t\t\t<div class=\"elementor-container elementor-column-gap-default\">\n\t\t\t\t\t<div class=\"elementor-column elementor-col-100 elementor-top-column elementor-element elementor-element-4f76646\" data-id=\"4f76646\" data-element_type=\"column\" data-e-type=\"column\">\n\t\t\t<div class=\"elementor-widget-wrap elementor-element-populated\">\n\t\t\t\t\t\t<div class=\"elementor-element elementor-element-251687a elementor-widget elementor-widget-text-editor\" data-id=\"251687a\" data-element_type=\"widget\" data-e-type=\"widget\" data-widget_type=\"text-editor.default\">\n\t\t\t\t<div class=\"elementor-widget-container\">\n\t\t\t\t\t\t\t\t\t<style>\/*! elementor - v3.16.0 - 12-09-2023 *\/\n.elementor-heading-title{padding:0;margin:0;line-height:1}.elementor-widget-heading .elementor-heading-title[class*=elementor-size-]>a{color:inherit;font-size:inherit;line-height:inherit}.elementor-widget-heading .elementor-heading-title.elementor-size-small{font-size:15px}.elementor-widget-heading .elementor-heading-title.elementor-size-medium{font-size:19px}.elementor-widget-heading .elementor-heading-title.elementor-size-large{font-size:29px}.elementor-widget-heading .elementor-heading-title.elementor-size-xl{font-size:39px}.elementor-widget-heading .elementor-heading-title.elementor-size-xxl{font-size:59px}<\/style><h2>CENTRO DE IDIOMAS<\/h2>\t\t\n\t\t\t<style>\/*! elementor - v3.16.0 - 12-09-2023 *\/\n.elementor-widget-image{text-align:center}.elementor-widget-image a{display:inline-block}.elementor-widget-image a img[src$=\".svg\"]{width:48px}.elementor-widget-image img{vertical-align:middle;display:inline-block}<\/style>\t\t\t\t\t\t\t\t\t\t\t\t<img loading=\"lazy\" decoding=\"async\" width=\"854\" height=\"480\" src=\"http:\/\/istvr.edu.ec\/web\/wp-content\/uploads\/2026\/02\/centro-de-idiomas.png\" alt=\"\" loading=\"lazy\" srcset=\"https:\/\/istvr.edu.ec\/web\/wp-content\/uploads\/2026\/02\/centro-de-idiomas.png 854w, https:\/\/istvr.edu.ec\/web\/wp-content\/uploads\/2026\/02\/centro-de-idiomas-300x169.png 300w, https:\/\/istvr.edu.ec\/web\/wp-content\/uploads\/2026\/02\/centro-de-idiomas-768x432.png 768w, https:\/\/istvr.edu.ec\/web\/wp-content\/uploads\/2026\/02\/centro-de-idiomas-230x129.png 230w, https:\/\/istvr.edu.ec\/web\/wp-content\/uploads\/2026\/02\/centro-de-idiomas-350x197.png 350w, https:\/\/istvr.edu.ec\/web\/wp-content\/uploads\/2026\/02\/centro-de-idiomas-480x270.png 480w\" sizes=\"auto, (max-width: 854px) 100vw, 854px\" \/>\t\t\t\t\t\t\t\t\t\t\t\t\t\t\t\n\t\t\n<p class=\"wp-block-paragraph\">El Centro de Idiomas es la unidad acad\u00e9mica del ITSVR que se encarga de vincular y fomentar el aprendizaje de lenguas extranjeras a los estudiantes del instituto<\/p>\n\n\n<p class=\"wp-block-paragraph\">El centro de Idiomas del ISTVR tiene la funci\u00f3n de garantizar el aprendizaje de la lengua extranjera como segundo idioma en los estudiantes del Instituto Superior Tecnol\u00f3gico \u201cVicente Rocafuerte\u201d, mediante el desarrollo de las habilidades ling\u00fc\u00edsticas que faciliten las pr\u00e1cticas de comprensi\u00f3n, expresi\u00f3n oral, interacci\u00f3n, interpretaci\u00f3n de textos o discursos y los intercambios culturales para que puedan desempe\u00f1arse competitivamente en el \u00e1mbito laboral.<\/p>\n\n\n<p class=\"wp-block-paragraph\"><strong>Coordinaci\u00f3n CDI:<\/strong> cdi@istvr.edu.ec<\/p>\n\n\n<a id=\"wp-block-file--media-d1177e81-4c2e-4d76-bd70-d14dc25b528f\" href=\"http:\/\/istvr.edu.ec\/web\/wp-content\/uploads\/2022\/04\/REGLAMENTO-CENTRO-DE-IDIOMAS-signed.pdf\">Reglamento del Centro de Idiomas &#8211; CDI<\/a>\n\n\n<p class=\"wp-block-paragraph\"><\/p>\n\t\t\t\t\t\t\t\t<\/div>\n\t\t\t\t<\/div>\n\t\t\t\t\t<\/div>\n\t\t<\/div>\n\t\t\t\t\t<\/div>\n\t\t<\/section>\n\t\t\t\t<\/div>\n\t\t","protected":false},"excerpt":{"rendered":"<p>CENTRO DE IDIOMAS El Centro de Idiomas es la unidad acad\u00e9mica del ITSVR que se encarga de vincular y fomentar el aprendizaje [&hellip;]<\/p>\n","protected":false},"author":1,"featured_media":0,"parent":0,"menu_order":0,"comment_status":"closed","ping_status":"closed","template":"","meta":{"pgc_sgb_lightbox_settings":"","footnotes":""},"class_list":["post-1159","page","type-page","status-publish","hentry"],"_links":{"self":[{"href":"https:\/\/istvr.edu.ec\/web\/wp-json\/wp\/v2\/pages\/1159","targetHints":{"allow":["GET"]}}],"collection":[{"href":"https:\/\/istvr.edu.ec\/web\/wp-json\/wp\/v2\/pages"}],"about":[{"href":"https:\/\/istvr.edu.ec\/web\/wp-json\/wp\/v2\/types\/page"}],"author":[{"embeddable":true,"href":"https:\/\/istvr.edu.ec\/web\/wp-json\/wp\/v2\/users\/1"}],"replies":[{"embeddable":true,"href":"https:\/\/istvr.edu.ec\/web\/wp-json\/wp\/v2\/comments?post=1159"}],"version-history":[{"count":12,"href":"https:\/\/istvr.edu.ec\/web\/wp-json\/wp\/v2\/pages\/1159\/revisions"}],"predecessor-version":[{"id":8869,"href":"https:\/\/istvr.edu.ec\/web\/wp-json\/wp\/v2\/pages\/1159\/revisions\/8869"}],"wp:attachment":[{"href":"https:\/\/istvr.edu.ec\/web\/wp-json\/wp\/v2\/media?parent=1159"}],"curies":[{"name":"wp","href":"https:\/\/api.w.org\/{rel}","templated":true}]}}

<div data-elementor-type="wp-page" data-elementor-id="1159" class="elementor elementor-1159">
						<section class="elementor-section elementor-top-section elementor-element elementor-element-5f32931 elementor-section-boxed elementor-section-height-default elementor-section-height-default" data-id="5f32931" data-element_type="section" data-e-type="section">
						<div class="elementor-container elementor-column-gap-default">
					<div class="elementor-column elementor-col-100 elementor-top-column elementor-element elementor-element-4f76646" data-id="4f76646" data-element_type="column" data-e-type="column">
			<div class="elementor-widget-wrap elementor-element-populated">
						<div class="elementor-element elementor-element-251687a elementor-widget elementor-widget-text-editor" data-id="251687a" data-element_type="widget" data-e-type="widget" data-widget_type="text-editor.default">
				<div class="elementor-widget-container">
									<style>/*! elementor - v3.16.0 - 12-09-2023 */
.elementor-heading-title{padding:0;margin:0;line-height:1}.elementor-widget-heading .elementor-heading-title[class*=elementor-size-]>a{color:inherit;font-size:inherit;line-height:inherit}.elementor-widget-heading .elementor-heading-title.elementor-size-small{font-size:15px}.elementor-widget-heading .elementor-heading-title.elementor-size-medium{font-size:19px}.elementor-widget-heading .elementor-heading-title.elementor-size-large{font-size:29px}.elementor-widget-heading .elementor-heading-title.elementor-size-xl{font-size:39px}.elementor-widget-heading .elementor-heading-title.elementor-size-xxl{font-size:59px}</style><h2>CENTRO DE IDIOMAS</h2>		
			<style>/*! elementor - v3.16.0 - 12-09-2023 */
.elementor-widget-image{text-align:center}.elementor-widget-image a{display:inline-block}.elementor-widget-image a img[src$=".svg"]{width:48px}.elementor-widget-image img{vertical-align:middle;display:inline-block}</style>												<img loading="lazy" decoding="async" width="854" height="480" src="http://istvr.edu.ec/web/wp-content/uploads/2026/02/centro-de-idiomas.png" alt="" loading="lazy" srcset="https://istvr.edu.ec/web/wp-content/uploads/2026/02/centro-de-idiomas.png 854w, https://istvr.edu.ec/web/wp-content/uploads/2026/02/centro-de-idiomas-300x169.png 300w, https://istvr.edu.ec/web/wp-content/uploads/2026/02/centro-de-idiomas-768x432.png 768w, https://istvr.edu.ec/web/wp-content/uploads/2026/02/centro-de-idiomas-230x129.png 230w, https://istvr.edu.ec/web/wp-content/uploads/2026/02/centro-de-idiomas-350x197.png 350w, https://istvr.edu.ec/web/wp-content/uploads/2026/02/centro-de-idiomas-480x270.png 480w" sizes="auto, (max-width: 854px) 100vw, 854px" />															
		
<p class="wp-block-paragraph">El Centro de Idiomas es la unidad académica del ITSVR que se encarga de vincular y fomentar el aprendizaje de lenguas extranjeras a los estudiantes del instituto</p>


<p class="wp-block-paragraph">El centro de Idiomas del ISTVR tiene la función de garantizar el aprendizaje de la lengua extranjera como segundo idioma en los estudiantes del Instituto Superior Tecnológico “Vicente Rocafuerte”, mediante el desarrollo de las habilidades lingüísticas que faciliten las prácticas de comprensión, expresión oral, interacción, interpretación de textos o discursos y los intercambios culturales para que puedan desempeñarse competitivamente en el ámbito laboral.</p>


<p class="wp-block-paragraph"><strong>Coordinación CDI:</strong> cdi@istvr.edu.ec</p>


<a id="wp-block-file--media-d1177e81-4c2e-4d76-bd70-d14dc25b528f" href="http://istvr.edu.ec/web/wp-content/uploads/2022/04/REGLAMENTO-CENTRO-DE-IDIOMAS-signed.pdf">Reglamento del Centro de Idiomas &#8211; CDI</a>


<p class="wp-block-paragraph"></p>
								</div>
				</div>
					</div>
		</div>
					</div>
		</section>
				</div>

<p>CENTRO DE IDIOMAS El Centro de Idiomas es la unidad académica del ITSVR que se encarga de vincular y fomentar el aprendizaje [&hellip;]</p>
