{"id":1159,"date":"2021-09-23T19:48:24","date_gmt":"2021-09-24T00:48:24","guid":{"rendered":"http:\/\/istvr.edu.ec\/web\/?page_id=1159"},"modified":"2026-02-02T15:13:56","modified_gmt":"2026-02-02T20:13:56","slug":"centro-de-idiomas","status":"publish","type":"page","link":"https:\/\/istvr.edu.ec\/web\/centro-de-idiomas\/","title":{"rendered":"Centro de Idiomas"},"content":{"rendered":"\t\t<div data-elementor-type=\"wp-page\" data-elementor-id=\"1159\" class=\"elementor elementor-1159\">\n\t\t\t\t\t\t\t<div class=\"elementor-element elementor-element-4daa29a e-flex e-con-boxed e-con e-parent\" data-id=\"4daa29a\" data-element_type=\"container\" data-settings=\"{&quot;content_width&quot;:&quot;boxed&quot;}\" data-core-v316-plus=\"true\">\n\t\t\t\t\t<div class=\"e-con-inner\">\n\t\t\t\t<div class=\"elementor-element elementor-element-a51cdea elementor-widget elementor-widget-heading\" data-id=\"a51cdea\" data-element_type=\"widget\" data-widget_type=\"heading.default\">\n\t\t\t\t<div class=\"elementor-widget-container\">\n\t\t\t<style>\/*! elementor - v3.16.0 - 12-09-2023 *\/\n.elementor-heading-title{padding:0;margin:0;line-height:1}.elementor-widget-heading .elementor-heading-title[class*=elementor-size-]>a{color:inherit;font-size:inherit;line-height:inherit}.elementor-widget-heading .elementor-heading-title.elementor-size-small{font-size:15px}.elementor-widget-heading .elementor-heading-title.elementor-size-medium{font-size:19px}.elementor-widget-heading .elementor-heading-title.elementor-size-large{font-size:29px}.elementor-widget-heading .elementor-heading-title.elementor-size-xl{font-size:39px}.elementor-widget-heading .elementor-heading-title.elementor-size-xxl{font-size:59px}<\/style><h2 class=\"elementor-heading-title elementor-size-default\">CENTRO DE IDIOMAS<\/h2>\t\t<\/div>\n\t\t\t\t<\/div>\n\t\t\t\t\t<\/div>\n\t\t\t\t<\/div>\n\t\t<div class=\"elementor-element elementor-element-c40897b e-flex e-con-boxed e-con e-parent\" data-id=\"c40897b\" data-element_type=\"container\" data-settings=\"{&quot;content_width&quot;:&quot;boxed&quot;}\" data-core-v316-plus=\"true\">\n\t\t\t\t\t<div class=\"e-con-inner\">\n\t\t\t\t<div class=\"elementor-element elementor-element-365e40d elementor-widget elementor-widget-image\" data-id=\"365e40d\" data-element_type=\"widget\" data-widget_type=\"image.default\">\n\t\t\t\t<div class=\"elementor-widget-container\">\n\t\t\t<style>\/*! elementor - v3.16.0 - 12-09-2023 *\/\n.elementor-widget-image{text-align:center}.elementor-widget-image a{display:inline-block}.elementor-widget-image a img[src$=\".svg\"]{width:48px}.elementor-widget-image img{vertical-align:middle;display:inline-block}<\/style>\t\t\t\t\t\t\t\t\t\t\t\t<img loading=\"lazy\" decoding=\"async\" width=\"854\" height=\"480\" src=\"https:\/\/istvr.edu.ec\/web\/wp-content\/uploads\/2026\/02\/centro-de-idiomas.png\" class=\"attachment-full size-full wp-image-7574\" alt=\"\" srcset=\"https:\/\/istvr.edu.ec\/web\/wp-content\/uploads\/2026\/02\/centro-de-idiomas.png 854w, https:\/\/istvr.edu.ec\/web\/wp-content\/uploads\/2026\/02\/centro-de-idiomas-300x169.png 300w, https:\/\/istvr.edu.ec\/web\/wp-content\/uploads\/2026\/02\/centro-de-idiomas-768x432.png 768w, https:\/\/istvr.edu.ec\/web\/wp-content\/uploads\/2026\/02\/centro-de-idiomas-230x129.png 230w, https:\/\/istvr.edu.ec\/web\/wp-content\/uploads\/2026\/02\/centro-de-idiomas-350x197.png 350w, https:\/\/istvr.edu.ec\/web\/wp-content\/uploads\/2026\/02\/centro-de-idiomas-480x270.png 480w\" sizes=\"auto, (max-width: 854px) 100vw, 854px\" \/>\t\t\t\t\t\t\t\t\t\t\t\t\t\t\t<\/div>\n\t\t\t\t<\/div>\n\t\t\t\t\t<\/div>\n\t\t\t\t<\/div>\n\t\t<div class=\"elementor-element elementor-element-5377608d e-flex e-con-boxed e-con e-parent\" data-id=\"5377608d\" data-element_type=\"container\" data-settings=\"{&quot;content_width&quot;:&quot;boxed&quot;}\" data-core-v316-plus=\"true\">\n\t\t\t\t\t<div class=\"e-con-inner\">\n\t\t\t\t<div class=\"elementor-element elementor-element-594fe71d elementor-widget elementor-widget-text-editor\" data-id=\"594fe71d\" data-element_type=\"widget\" data-widget_type=\"text-editor.default\">\n\t\t\t\t<div class=\"elementor-widget-container\">\n\t\t\t<style>\/*! elementor - v3.16.0 - 12-09-2023 *\/\n.elementor-widget-text-editor.elementor-drop-cap-view-stacked .elementor-drop-cap{background-color:#69727d;color:#fff}.elementor-widget-text-editor.elementor-drop-cap-view-framed .elementor-drop-cap{color:#69727d;border:3px solid;background-color:transparent}.elementor-widget-text-editor:not(.elementor-drop-cap-view-default) .elementor-drop-cap{margin-top:8px}.elementor-widget-text-editor:not(.elementor-drop-cap-view-default) .elementor-drop-cap-letter{width:1em;height:1em}.elementor-widget-text-editor .elementor-drop-cap{float:left;text-align:center;line-height:1;font-size:50px}.elementor-widget-text-editor .elementor-drop-cap-letter{display:inline-block}<\/style>\t\t\t\t<!-- wp:paragraph -->\n<p>El Centro de Idiomas es la unidad acad\u00e9mica del ITSVR que se encarga de vincular y fomentar el aprendizaje de lenguas extranjeras a los estudiantes del instituto<\/p>\n<!-- \/wp:paragraph -->\n\n<!-- wp:paragraph -->\n<p>El centro de Idiomas del ISTVR tiene la funci\u00f3n de garantizar el aprendizaje de la lengua extranjera como segundo idioma en los estudiantes del Instituto Superior Tecnol\u00f3gico \u201cVicente Rocafuerte\u201d, mediante el desarrollo de las habilidades ling\u00fc\u00edsticas que faciliten las pr\u00e1cticas de comprensi\u00f3n, expresi\u00f3n oral, interacci\u00f3n, interpretaci\u00f3n de textos o discursos y los intercambios culturales para que puedan desempe\u00f1arse competitivamente en el \u00e1mbito laboral.<\/p>\n<!-- \/wp:paragraph -->\n\n<!-- wp:paragraph -->\n<p><strong>Coordinaci\u00f3n CDI:<\/strong> cdi@istvr.edu.ec<\/p>\n<!-- \/wp:paragraph -->\n\n<!-- wp:file {\"id\":1631,\"href\":\"http:\/\/istvr.edu.ec\/web\/wp-content\/uploads\/2022\/04\/REGLAMENTO-CENTRO-DE-IDIOMAS-signed.pdf\",\"showDownloadButton\":false,\"displayPreview\":false} -->\n<div class=\"wp-block-file\"><a id=\"wp-block-file--media-d1177e81-4c2e-4d76-bd70-d14dc25b528f\" href=\"http:\/\/istvr.edu.ec\/web\/wp-content\/uploads\/2022\/04\/REGLAMENTO-CENTRO-DE-IDIOMAS-signed.pdf\">Reglamento del Centro de Idiomas &#8211; CDI<\/a><\/div>\n<!-- \/wp:file -->\n\n<!-- wp:paragraph -->\n<p><\/p>\n<!-- \/wp:paragraph -->\t\t\t\t\t\t<\/div>\n\t\t\t\t<\/div>\n\t\t\t\t\t<\/div>\n\t\t\t\t<\/div>\n\t\t\t\t\t\t\t<\/div>\n\t\t","protected":false},"excerpt":{"rendered":"<p>CENTRO DE IDIOMAS El Centro de Idiomas es la unidad acad\u00e9mica del ITSVR que se encarga de vincular y fomentar el aprendizaje [&hellip;]<\/p>\n","protected":false},"author":1,"featured_media":0,"parent":0,"menu_order":0,"comment_status":"closed","ping_status":"closed","template":"","meta":{"pgc_sgb_lightbox_settings":"","footnotes":""},"class_list":["post-1159","page","type-page","status-publish","hentry"],"_links":{"self":[{"href":"https:\/\/istvr.edu.ec\/web\/wp-json\/wp\/v2\/pages\/1159","targetHints":{"allow":["GET"]}}],"collection":[{"href":"https:\/\/istvr.edu.ec\/web\/wp-json\/wp\/v2\/pages"}],"about":[{"href":"https:\/\/istvr.edu.ec\/web\/wp-json\/wp\/v2\/types\/page"}],"author":[{"embeddable":true,"href":"https:\/\/istvr.edu.ec\/web\/wp-json\/wp\/v2\/users\/1"}],"replies":[{"embeddable":true,"href":"https:\/\/istvr.edu.ec\/web\/wp-json\/wp\/v2\/comments?post=1159"}],"version-history":[{"count":9,"href":"https:\/\/istvr.edu.ec\/web\/wp-json\/wp\/v2\/pages\/1159\/revisions"}],"predecessor-version":[{"id":7580,"href":"https:\/\/istvr.edu.ec\/web\/wp-json\/wp\/v2\/pages\/1159\/revisions\/7580"}],"wp:attachment":[{"href":"https:\/\/istvr.edu.ec\/web\/wp-json\/wp\/v2\/media?parent=1159"}],"curies":[{"name":"wp","href":"https:\/\/api.w.org\/{rel}","templated":true}]}}

<div data-elementor-type="wp-page" data-elementor-id="1159" class="elementor elementor-1159">
							<div class="elementor-element elementor-element-4daa29a e-flex e-con-boxed e-con e-parent" data-id="4daa29a" data-element_type="container" data-settings="{&quot;content_width&quot;:&quot;boxed&quot;}" data-core-v316-plus="true">
					<div class="e-con-inner">
				<div class="elementor-element elementor-element-a51cdea elementor-widget elementor-widget-heading" data-id="a51cdea" data-element_type="widget" data-widget_type="heading.default">
				<div class="elementor-widget-container">
			<style>/*! elementor - v3.16.0 - 12-09-2023 */
.elementor-heading-title{padding:0;margin:0;line-height:1}.elementor-widget-heading .elementor-heading-title[class*=elementor-size-]>a{color:inherit;font-size:inherit;line-height:inherit}.elementor-widget-heading .elementor-heading-title.elementor-size-small{font-size:15px}.elementor-widget-heading .elementor-heading-title.elementor-size-medium{font-size:19px}.elementor-widget-heading .elementor-heading-title.elementor-size-large{font-size:29px}.elementor-widget-heading .elementor-heading-title.elementor-size-xl{font-size:39px}.elementor-widget-heading .elementor-heading-title.elementor-size-xxl{font-size:59px}</style><h2 class="elementor-heading-title elementor-size-default">CENTRO DE IDIOMAS</h2>		</div>
				</div>
					</div>
				</div>
		<div class="elementor-element elementor-element-c40897b e-flex e-con-boxed e-con e-parent" data-id="c40897b" data-element_type="container" data-settings="{&quot;content_width&quot;:&quot;boxed&quot;}" data-core-v316-plus="true">
					<div class="e-con-inner">
				<div class="elementor-element elementor-element-365e40d elementor-widget elementor-widget-image" data-id="365e40d" data-element_type="widget" data-widget_type="image.default">
				<div class="elementor-widget-container">
			<style>/*! elementor - v3.16.0 - 12-09-2023 */
.elementor-widget-image{text-align:center}.elementor-widget-image a{display:inline-block}.elementor-widget-image a img[src$=".svg"]{width:48px}.elementor-widget-image img{vertical-align:middle;display:inline-block}</style>												<img loading="lazy" decoding="async" width="854" height="480" src="https://istvr.edu.ec/web/wp-content/uploads/2026/02/centro-de-idiomas.png" class="attachment-full size-full wp-image-7574" alt="" srcset="https://istvr.edu.ec/web/wp-content/uploads/2026/02/centro-de-idiomas.png 854w, https://istvr.edu.ec/web/wp-content/uploads/2026/02/centro-de-idiomas-300x169.png 300w, https://istvr.edu.ec/web/wp-content/uploads/2026/02/centro-de-idiomas-768x432.png 768w, https://istvr.edu.ec/web/wp-content/uploads/2026/02/centro-de-idiomas-230x129.png 230w, https://istvr.edu.ec/web/wp-content/uploads/2026/02/centro-de-idiomas-350x197.png 350w, https://istvr.edu.ec/web/wp-content/uploads/2026/02/centro-de-idiomas-480x270.png 480w" sizes="auto, (max-width: 854px) 100vw, 854px" />															</div>
				</div>
					</div>
				</div>
		<div class="elementor-element elementor-element-5377608d e-flex e-con-boxed e-con e-parent" data-id="5377608d" data-element_type="container" data-settings="{&quot;content_width&quot;:&quot;boxed&quot;}" data-core-v316-plus="true">
					<div class="e-con-inner">
				<div class="elementor-element elementor-element-594fe71d elementor-widget elementor-widget-text-editor" data-id="594fe71d" data-element_type="widget" data-widget_type="text-editor.default">
				<div class="elementor-widget-container">
			<style>/*! elementor - v3.16.0 - 12-09-2023 */
.elementor-widget-text-editor.elementor-drop-cap-view-stacked .elementor-drop-cap{background-color:#69727d;color:#fff}.elementor-widget-text-editor.elementor-drop-cap-view-framed .elementor-drop-cap{color:#69727d;border:3px solid;background-color:transparent}.elementor-widget-text-editor:not(.elementor-drop-cap-view-default) .elementor-drop-cap{margin-top:8px}.elementor-widget-text-editor:not(.elementor-drop-cap-view-default) .elementor-drop-cap-letter{width:1em;height:1em}.elementor-widget-text-editor .elementor-drop-cap{float:left;text-align:center;line-height:1;font-size:50px}.elementor-widget-text-editor .elementor-drop-cap-letter{display:inline-block}</style>				<!-- wp:paragraph -->
<p>El Centro de Idiomas es la unidad académica del ITSVR que se encarga de vincular y fomentar el aprendizaje de lenguas extranjeras a los estudiantes del instituto</p>
<!-- /wp:paragraph -->

<!-- wp:paragraph -->
<p>El centro de Idiomas del ISTVR tiene la función de garantizar el aprendizaje de la lengua extranjera como segundo idioma en los estudiantes del Instituto Superior Tecnológico “Vicente Rocafuerte”, mediante el desarrollo de las habilidades lingüísticas que faciliten las prácticas de comprensión, expresión oral, interacción, interpretación de textos o discursos y los intercambios culturales para que puedan desempeñarse competitivamente en el ámbito laboral.</p>
<!-- /wp:paragraph -->

<!-- wp:paragraph -->
<p><strong>Coordinación CDI:</strong> cdi@istvr.edu.ec</p>
<!-- /wp:paragraph -->

<!-- wp:file {"id":1631,"href":"http://istvr.edu.ec/web/wp-content/uploads/2022/04/REGLAMENTO-CENTRO-DE-IDIOMAS-signed.pdf","showDownloadButton":false,"displayPreview":false} -->
<div class="wp-block-file"><a id="wp-block-file--media-d1177e81-4c2e-4d76-bd70-d14dc25b528f" href="http://istvr.edu.ec/web/wp-content/uploads/2022/04/REGLAMENTO-CENTRO-DE-IDIOMAS-signed.pdf">Reglamento del Centro de Idiomas &#8211; CDI</a></div>
<!-- /wp:file -->

<!-- wp:paragraph -->
<p></p>
<!-- /wp:paragraph -->						</div>
				</div>
					</div>
				</div>
							</div>

<p>CENTRO DE IDIOMAS El Centro de Idiomas es la unidad académica del ITSVR que se encarga de vincular y fomentar el aprendizaje [&hellip;]</p>
